 Let h(o) = o**2 + 9*o - 35. Calculate h(q).
-53
Let m(n) be the first derivative of -1/2*n**3 - 1/24*n**4 + 0*n - 31/2*n**2 - 8. Let j(d) be the second derivative of m(d). Calculate j(-5).
2
Let c(m) = -3*m**3 - 6*m**2 + 9*m. Let v(t) = 16*t**3 + 30*t**2 - 46*t. Let i(n) = -11*c(n) - 2*v(n). Let f = -1064 - -1057. Give i(f).
0
Suppose 4*w + c = 33, 2*w + c - 24 = -c. Suppose 0 = -w*o + 4*o. Let z(m) be the third derivative of m**6/120 + m**4/24 + m**3 + 100*m**2. Give z(o).
6
Let m be (-23)/(-7) - 46/161. Let c(r) = -3*r**2 - 3 - 963*r**3 + 14*r + 5*r**2 - 8*r + 962*r**m. Determine c(4).
-11
Let y(a) = 5*a**2 - 2*a + 1. Let f be y(1). Let j(c) = c - 10. Let d be j(f). Let u(m) = 1. Let i(r) = r**2 + 7*r + 1. Let w(b) = i(b) + 2*u(b). Give w(d).
-3
Suppose 3*i - 39*o - 16 = -43*o, i + 3*o - 12 = 0. Let y(c) = -3*c**2 - 3*c. Let v(n) = 2*n**2 + 2*n - 1. Let z(a) = 4*v(a) + 3*y(a). Calculate z(i).
-4
Let t = 2 - -4. Let h(s) = -311*s + 628*s + s**3 + 2 - 318*s - 1. Let x(n) = -5*n**3 + 10*n**2 + 6*n - 7. Let d(k) = t*h(k) + x(k). What is d(-10)?
-1
Suppose 46640*q + 176 = 46662*q. Let g(z) = -5*z**2 + 37*z + 28. Give g(q).
4
Let s(n) be the third derivative of -n**6/120 - n**5/6 - 5*n**4/24 + 23*n**3/6 - 6239*n**2. Calculate s(-9).
-13
Let u(q) be the second derivative of q**4/12 + 4*q**3/3 + 11*q**2/2 - 1007*q. Determine u(-8).
11
Let w(k) be the first derivative of 7*k**2 - k + 132. Let v(z) = -30*z + 1. Let l(h) = 6*v(h) + 13*w(h). Determine l(-8).
-23
Let m(v) be the third derivative of -v**4/24 + v**3/2 + v**2 + 8*v - 327. Let x(r) = -2*r + 2. Suppose -4*n - 8 = -0*n. Let l be x(n). Give m(l).
-3
Let a(j) = 3*j**2 + 7*j - 58. Let w be a(5). Let h(u) = u**2 - 48 + 3*u + 103 - w. Give h(-4).
7
Let f be 7 - -1 - 10/(-10). Suppose -f*k = -8*k + u + 7, -3*u = 12. Let i(p) = -10*p - 4. Give i(k).
26
Let b(a) = -a**3 + 2*a + 37. Suppose -39*x = 48*x - 77*x. What is b(x)?
37
Let n be 6 + 2 + 880/(-110). Let s(p) = 2*p - 3. What is s(n)?
-3
Let h = 191 + -203. Let l be 6 + h/((-16)/(-4)). Let p(y) = -y**3 + 3*y**2 + y + 2. Determine p(l).
5
Let f(q) = q**2 - 10*q + 4. Let i be f(10). Suppose 6*d - i*d + 14 = 0. Let z be d/(-2)*168/98. Let s(c) = -c**3 + 6*c**2 + c + 1. Calculate s(z).
7
Let n(f) = f**3 + 7*f**2 + 6*f - 5. Let y(q) = q**2 - 10*q + 23. Let x be y(3). Let p be -6*3/x - (-15)/5. Give n(p).
-5
Let w be (-1)/(-4) + (-1334)/184. Let s(q) = q**2 + 7*q + 6. What is s(w)?
6
Let a(k) = -31*k**3 + 89*k**2 - 39*k + 68. Let p(s) = -3*s**3 + 9*s**2 - 4*s + 7. Let l(f) = -2*a(f) + 21*p(f). Give l(10).
51
Let t(h) = 2*h**3 - 6*h**2 + 5*h. Let j be t(2). Let k(i) = 33 + i**j - 58 + 37 + 13*i. Give k(-12).
0
Suppose -10 = -3*b - 5*y, -4*y + 8 + 0 = -b. Suppose -2*p = -2*w - 94, -4*w + 148 = -b*p + 3*p. Let c = p - 46. Let k(l) = 4*l**2 - 3*l + 1. Determine k(c).
11
Suppose b = k + 244 - 242, -24 = 4*k + 4*b. Let d(n) = n**2 - 35*n - 161. What is d(k)?
-5
Suppose 169*n + 52 = -86 - 200. Let x(k) = -3*k**3 - 3*k**2 - 5*k - 1. Let u(v) = -16*v**3 - 15*v**2 - 26*v - 5. Let c(r) = -2*u(r) + 11*x(r). Calculate c(n).
1
Let i(q) be the third derivative of q**6/120 + 2*q**5/15 - q**4/6 - 5*q**3/3 - 2726*q**2. Give i(-7).
67
Let y(i) be the first derivative of -134*i**2 + 259*i - 13635. Calculate y(1).
-9
Let d(j) = -892*j + 2678. Let r be d(3). Let n(b) be the second derivative of -1/6*b**3 + 5/6*b**4 - 13/2*b**r - 21*b + 1/20*b**5 + 0. What is n(-10)?
-3
Let a(j) be the third derivative of 1/3*j**3 - 1/6*j**4 + 0 + 1/60*j**5 + 0*j + 329*j**2. Give a(5).
7
Let v(k) = 14*k + 606. Let u be v(-43). Let m(y) = 7*y - 2. Calculate m(u).
26
Let w(q) = q - 2. Let r(d) = 83*d + 1. Let a be r(-1). Let o = 79 + a. Let u be -3 - (-12 - (o + -1)). What is w(u)?
3
Suppose 46*o = 44*o - 406. Let i = o - -201. Let g(t) = -t**3 + 4*t + 4. What is g(i)?
4
Let q(m) be the first derivative of -m**4/4 + 8*m**3/3 - 9*m**2/2 + 10*m - 24275. Suppose 3*w - w + 19 = 3*f, 0 = 3*f + 4*w - 25. Determine q(f).
-4
Suppose 0*i = -3*i + 3. Let v(a) be the third derivative of -a**4/6 - a**3/6 - 359*a**2 + 2*a + 6. Determine v(i).
-5
Let c(l) = 0*l**3 - 9*l + 147*l**2 + 132*l**2 - 269*l**2 + 6 - 8*l - l**3. Determine c(8).
-2
Let z(f) = 15*f + 3. Let o(l) = 14*l + 2. Let m(n) = -4*o(n) + 3*z(n). Suppose 210*h - 205*h - 9 = -j, -5*j + 24 = 4*h. Determine m(h).
-10
Let u(b) be the third derivative of -b**5/60 - 13*b**4/24 + 10*b**3/3 - 25*b**2 - 2. Let a = -204 - -190. Determine u(a).
6
Let h(z) be the third derivative of z**6/30 + 23*z**5/30 + 5*z**4/6 - 25*z**3/6 + 607*z**2 + 8. Calculate h(-11).
-3
Let j(k) = -k + 7*k - 10 + 4 - 7*k**2 + k**3. Let i be ((-6)/(-4)*-1)/((-288)/384). Let b be (-112)/(-8) + -10 + i. What is j(b)?
-6
Let y(i) = 2*i**2 + 2*i + 8. Suppose -11 = 3*l + b, 22*b = -7*l + 18*b - 24. Determine y(l).
32
Let x(h) = 11509 + 7*h - 2*h + 5*h - 11493 - h. Determine x(-2).
-2
Let o(f) = f - 25. Let h(k) = -k**3 - 10*k**2 - 3*k + 104. Let p be h(-8). Suppose 10*b - 12 - 228 = p. Calculate o(b).
-1
Let m(y) be the first derivative of -y**5/20 + y**4/12 + 4*y + 12. Let z(f) be the first derivative of m(f). Let u = -49 - -51. What is z(u)?
-4
Let o(l) = l**3 + 6*l**2 + 6*l + 2. Let u(b) = -3*b**2 - 68*b - 49. Let z be u(-22). Let a be o(z). Let w(h) = 2*h - h - 2 - 3*h. What is w(a)?
4
Let h(a) = -18*a**2 + 55*a**2 - 13*a**3 - 20*a**3 - 27*a**2 - 20*a + 32*a**3 - 8. Give h(4).
8
Let s(h) be the first derivative of -h**2/2 + 46*h + 3268. Give s(-17).
63
Let j(x) be the second derivative of x**4/12 + 3*x**3/2 + 9*x**2 + 940*x. Determine j(-8).
10
Let r(c) = 30*c - 343. Let x be (2*11/6)/(255/765). Give r(x).
-13
Let u(d) = -d**3 - 10*d**2 + 23*d + 1. Let r(f) = 2*f**3 + 10*f**2 - 27*f. Let v(n) = -2*r(n) - 3*u(n). Give v(9).
-57
Let a(s) be the second derivative of 7*s**3/6 + 35*s**2/2 + 17*s - 3. Calculate a(-8).
-21
Let h = 27 - 23. Suppose -4 = -h*p - s, 2*p - p - 1 = 5*s. Let q(f) = 173*f**2 + 1 - 5 - 170*f**2 + 3. Give q(p).
2
Let n(b) = b - 4. Suppose -10*l + 25*l + 2595 = 0. Let v = l + 169. Determine n(v).
-8
Let s(y) = y**2 + 22*y + 63. Let z = -2754 + 2737. What is s(z)?
-22
Let o(f) = f**2 - 6*f + 1. Let y be o(6). Suppose w + y = 5*g, 5 = 3*g + 2*g. Let d be w + 2 + -5 + 3. Let j(q) = q - 4. Give j(d).
0
Suppose -3 = -5*p + 2. Suppose 74 - 172 = -7*x. Let y(l) = 1 - 3*l + 15*l - x*l. Calculate y(p).
-1
Let d be -2 + -7 + -4 + 18. Let f(t) = -t**2 + 5*t - 1. Calculate f(d).
-1
Let g(n) = -8*n**2 - 6*n - 14. Let f(u) = -13*u**2 - 8*u - 22. Let j(z) = -5*f(z) + 8*g(z). Give j(6).
-14
Let a(r) = -2*r**3 + 2*r**2 + 2*r + 1. Let u(y) = -9*y**3 - 6*y**2 + 11*y + 12. Let c(w) = 4*a(w) - u(w). What is c(-14)?
34
Let g = 592 + -593. Let j(r) = -25*r - 4. Determine j(g).
21
Let t(r) = 3*r**2 - 14*r - 7. Let g be (-40)/(-3)*(-5 - (-6 - -4)). Let n = g - -34. Let s(w) = w**2 - 5*w - 2. Let h(m) = n*t(m) + 17*s(m). Determine h(0).
8
Let n = 6 - 9. Let z(k) = 1335 + 3*k - 7*k + 1191 - 2522. What is z(n)?
16
Suppose -2*i = 5*u - 26, -3*i - 30 = u - 5*u. Let m(x) = -x**2 + 7*x - 4. Let p be m(u). Let h(r) = -2 + 1 - p*r - 6. What is h(5)?
-17
Let z = 1411 + -1408. Let f be (63/(-15))/(2/(-30)). Suppose z*n + 6*n = -f. Let c(t) = t**3 + 8*t**2 + 6*t - 7. Give c(n).
0
Let b(g) be the first derivative of -g**7/840 + 7*g**6/360 + g**4/6 - g**3/3 - 2*g**2 + 1. Let q(t) be the third derivative of b(t). Give q(7).
4
Suppose 0 = -118*c - 45 - 34 - 39. Let f(k) = -28*k - 24. Give f(c).
4
Let y(q) be the third derivative of q**5/60 + 5*q**4/6 - 25*q**3/6 + 1139*q**2. Give y(-19).
-44
Let d(o) = -o**3 - 6*o**2 - 3*o + 6. Let j = -19839 + 19834. What is d(j)?
-4
Let g = -44 - -47. Let l(y) = y**2. Let p be l(g). Let t(i) = 4 - i**2 - 11*i - i**3 + p*i + 5*i**2. Determine t(4).
-4
Let v(i) = 11*i**3 + 24*i**2 - 14*i + 37. Let y(k) = 26*k**3 + 49*k**2 - 29*k + 75. Let r(b) = -5*v(b) + 2*y(b). Determine r(-8).
-3
Let h(o) = -o**2 - 2*o - 1. Let t(y) = -y**2 + y + 1. Suppose 56 + 68 = -4*p. Let u = -29 - p. Let l be t(u). Give h(l).
0
Let b(s) be the second derivative of 1/2*s**2 - 4*s + 0 - 1/3*s**3. Let v be (-1)/(-3)*10*(-6)/90*-18. Determine b(v).
-7
Let g(z) = -186 - 148 + 7*z - 15. Let b be g(49). Let f(o) = -3*o + 7. Let l(r) = -5*r + 10. Let s(t) = -8*f(t) + 5*l(t). What is s(b)?
0
Let h = -74